18
Let y = 16 - 10. Suppose o - 2*o + y = 0. Let m(r) = 2*r - 6. Determine m(o).
6
Let h = 11 - 16. Let z(y) = -y - 4. What is z(h)?
1
Let u(p) = p + 1. Let s(m) = 7*m + 8. Let d(l) = 5*s(l) - 40*u(l). Suppose 0 = -4*z + 78 - 74. Determine d(z).
-5
Let j = 0 - 4. Let n be (2/j)/(1/(-2)). Let m(g) = 4*g - 4*g**2 - 2 - n + 0. What is m(2)?
-11
Let r(o) = 3*o - 12. Let u(n) = -10*n + 35. Let b(i) = -7*r(i) - 2*u(i). Let s be b(9). Let p(k) = -2*k + 6*k - 2 - 7*k + k**2. Determine p(s).
8
Let t(f) = 10*f**2 + 11*f - 31. Let d(k) = 3*k**2 + 4*k - 10. Let p(l) = -7*d(l) + 2*t(l). Determine p(-8).
-8
Let n(h) be the second derivative of -h**6/120 - h**5/60 - h**4/24 + h**3/6 + h**2 + 2*h. Let y(m) be the first derivative of n(m). What is y(-2)?
7
Let i = -7 - -12. Let d be 0/2 + i + -5. Let r(w) = w**2 + w + 7. Determine r(d).
7
Let h = -1 - -6. Let m(d) = 8*d + 6. Let v(y) = -40*y - 30. Let p(x) = -11*m(x) - 2*v(x). Let o(j) = -7*j - 5. Let g(i) = -7*o(i) + 6*p(i). What is g(h)?
4
Let p be (6/(-6))/(1/5). Let q(g) = g**2 + 5*g + 1. Give q(p).
1
Let g(s) = -15*s**2 - 15*s + 23. Let x(z) = -7*z**2 - 7*z + 11. Let y(h) = -6*g(h) + 13*x(h). Determine y(0).
5
Let r(d) be the second derivative of -d**6/180 + d**5/20 - d**4/8 - 2*d**3/3 + 3*d. Let c(o) be the second derivative of r(o). Calculate c(4).
-11
Let x(z) = 7*z**2 + 12*z + 6. Let m(v) = -12*v**2 - 23*v - 13. Let l(o) = -3*m(o) - 5*x(o). Give l(-6).
-9
Let p(s) = -5 - s**2 - 6 - 7*s + 9. Let q be p(-7). Let v(d) = -2*d**2 - 2*d + 4*d**2 + 3*d**3 - 2*d**3. Determine v(q).
4
Let s(l) = 5*l**2. Let r be s(-1). Let y(n) = -r*n + 5*n + 2*n - 1. Calculate y(-2).
-5
Let p(c) = 5*c**2 + 12*c + 5. Let u(m) = -4*m**2 - 11*m - 5. Let h(g) = 5*p(g) + 6*u(g). Determine h(7).
2
Let i(x) = -x**2 - 5*x - 3. Let o = 0 - -5. Suppose 32 = 4*m - r - 3*r, o*r = -20. Suppose -m = f + 1. Determine i(f).
-3
Let w(f) = -2*f + 4. Suppose -3 = -4*x + 3*x. Let r(p) = x + 3*p - 6*p + 2*p. Let q(h) = 6*r(h) - 4*w(h). What is q(-2)?
-2
Let i(d) = d**2 + 3. Suppose 4 = 2*r - 0*r. Suppose 0*b - r*b - 4 = 5*l, -4*b = 3*l + 8. Give i(l).
3
Let y(z) = -11*z + 10*z - 4*z - 3. Determine y(5).
-28
Let t(w) = 2*w - 3*w - 8 + 2*w. Suppose 0*x + s + 28 = 4*x, -x + 3*s = -7. Give t(x).
-1
Let o(w) = -32*w + 2. Let h(t) = -13*t + 1. Let s(m) = -12*h(m) + 5*o(m). Calculate s(-2).
6
Let m be (-30)/10*-2*1. Let q(r) = -6*r**2 - 6*r**3 + 5 + 5*r - 3 + m*r**3 + r**3. What is q(5)?
2
Let z(s) be the second derivative of -s**5/20 + s**4/2 - s**3 + 25*s. Determine z(4).
8
Let r(q) = -q - 7. Let b be r(-3). Let h(j) = j**3 + 5*j**2 + 6*j + 2. What is h(b)?
-6
Let m(j) = j**2 + 6*j. Let i(a) = -a**3 - 9*a**2 + 2*a + 12. Let b be i(-9). What is m(b)?
0
Let n be (9 - 12)/(3/(-4)). Let i(c) = n*c**2 - 6*c - 1 + 1 - 5*c**2 + 1. Give i(-6).
1
Let o(d) = d**3 - 3*d**2 - 3*d - 1. Suppose 3*t - 7 = u - 0*u, -2*t + 2*u - 2 = 0. What is o(t)?
3
Let z(w) be the third derivative of 0*w - 2*w**2 - 5/6*w**3 - 1/60*w**5 - 7/24*w**4 + 0. Give z(-5).
5
Let m(x) = -3 + 6 - 2*x + 3 + 0*x. Determine m(4).
-2
Let o(b) = -b**2 + 8*b - 7. Let c(u) = u**2 - 6*u - 7. Let d be c(-2). Give o(d).
-16
Let b(t) = 8*t - 4. Let k be b(0). Let n(f) = 3*f**3 + 7*f**2 + 4*f - 2. Let p(v) = 16*v**3 + 36*v**2 + 20*v - 9. Let c(x) = -11*n(x) + 2*p(x). Calculate c(k).
4
Let m(y) = -y**2 + 4*y + 4. Let d(j) = -j. Let l(q) = -6*d(q) - m(q). Determine l(3).
11
Let s(v) = -v**2 - 4*v + 2. Suppose -w - 4 = 1. Let c = 0 + w. Give s(c).
-3
Let x(o) = -o**2 - 3*o + 3. Let q be (-4 + 6)/((-4)/(-10)). Let y(k) = 7*k**2 + 1. Let i be y(1). Let t = q - i. Give x(t).
3
Let u be 2/(-3)*(-11 - 1). Suppose -2*s = -3*h - 4*s + u, -12 = -3*s. Suppose -2*a + 5 + 1 = h. Let o(z) = z**2 - 5*z + 2. Calculate o(a).
-4
Let h(f) = 2*f**2 - 3*f + 3. Let j be h(2). Suppose 4*l = -4*r + 40, -j*l + 0 = -r - 20. Suppose -2*a - b = -6, l*b + 5 + 4 = 3*a. Let x(y) = 4*y. Give x(a).
12
Let m(c) = -4*c**2 - 21*c + 33. Let x(u) = -3*u**2 - 14*u + 22. Let w(b) = 5*m(b) - 7*x(b). Let i(q) = -1. Let y(v) = -6*i(v) - w(v). Calculate y(4).
7
Let c(a) = a**3 + 7*a**2 - 2*a - 1. Let n(p) = 8*p**3 + p**2 - 2*p - 2. Let t be n(-1). Give c(t).
13
Let i(p) = 2*p + 2. Let y be i(1). Let k(r) = -2*r + 4 + 5*r - r**2 + r + y. What is k(6)?
-4
Suppose -5*y + 60 = -20. Suppose 3*v + y = -5*w - 0*w, 0 = -4*w + 3*v - 2. Let q(j) = 0 + 4*j**2 + j**3 + 1 + 3*j + 0. Calculate q(w).
3
Let w(b) be the second derivative of -b**5/20 + b**4/12 - b**2/2 - b - 28. Calculate w(0).
-1
Let w(f) be the first derivative of f**3/3 + 3*f**2/2 + 3*f - 2. Let d(b) = b**3 - 5*b**2 + 4*b - 2. Let s be d(4). Give w(s).
1
Let y(p) = -p - 2. Let z = -26 + 37. Let k = z - 7. What is y(k)?
-6
Let r(z) = z - 1. Let q = -15 + 16. Calculate r(q).
0
Let s(j) = j**3 + 3*j**2 - 4*j + 5. Suppose 20 = -3*c + 4*l, 0 = -5*c + 6*c + 2*l. Determine s(c).
5
Let y be 3 + (32/(-2))/2. Let z(t) be the third derivative of -t**4/8 - 5*t**3/6 - 2*t**2. Determine z(y).
10
Let g(p) = p**3 - 2*p**2 - 3*p + 3. Let h be 6/(((-5)/4)/(-5)). Let k be (-4)/10 - h/(-10). What is g(k)?
-3
Let y(s) be the third derivative of -s**6/120 - s**5/10 - 7*s**3/6 - 25*s**2. Let v be 2/3 - 20/3. Give y(v).
-7
Let s(l) = 3*l**2 - 11*l - 19. Let q(w) = 2*w**2 - 5*w - 10. Let k be (-2)/(-6)*27/(-3). Let c(x) = k*s(x) + 5*q(x). Calculate c(-5).
-8
Let v(y) be the first derivative of -4*y**3/3 - y**2/2 - 1. Let h be (-14)/(-10) + (-2)/5. Let k = h + 0. What is v(k)?
-5
Let a = -12 - -9. Let m(t) = -t**3 - 4*t**2 - 2*t - 3. Let s be m(a). Let l(p) = p + 5*p - 5 + 11 + p**2. Give l(s).
6
Let z(r) = -14*r. Suppose 2*c - 2 = -0*c. Calculate z(c).
-14
Let h(c) be the third derivative of c**5/60 + c**4/24 + c**3/3 + 3*c**2. Determine h(-2).
4
Let a(f) = f**3 - 3*f**2 - 4*f - 5. Let c = -7 + 3. Let y = c + 8. Determine a(y).
-5
Let x(z) = -1. Let o(b) = -b - 9. Let s(g) = -o(g) + 4*x(g). What is s(-3)?
2
Let t = 164 + -157. Let o(b) = b**3 - 8*b**2 + 6*b + 10. What is o(t)?
3
Let q be (150/(-90))/((-10)/(-6) - 2). Let p(f) = 2*f - 11. Let x(j) = -2*j + 10. Let m(s) = 4*p(s) + 5*x(s). Give m(q).
-4
Let c(w) be the third derivative of w**5/60 - w**4/12 - w**3/6 + 2*w**2 + w. Calculate c(4).
7
Let q(h) = 4*h. Let a(v) = v. Let b(k) = 26*a(k) - 6*q(k). Give b(-5).
-10
Let o(w) = 4*w + 4. Let s(n) = -n - 1. Let p(i) = -2*o(i) - 10*s(i). Let q(u) = u + 19. Let c be q(-13). What is p(c)?
14
Suppose -50 = 5*q - 10. Let r = q - -8. Let m(j) = -j**3 - j**2 + 8. Calculate m(r).
8
Let n(f) = -f**3 + 5*f**2 - f + 3. Let g(s) = -s**3 - 7*s**2 + 9*s + 6. Let w be g(-8). Let m be (w/(-6))/((-1)/(-15)). What is n(m)?
-2
Let z(i) = -5*i**3 - 7*i**2 - 6*i + 11. Let x(r) = 9*r**3 + 13*r**2 + 11*r - 21. Let g be 9/(-15) - 66/(-10). Let p(v) = g*x(v) + 11*z(v). Determine p(0).
-5
Let f(h) = h**3 + 6*h**2 + 5*h + 6. Suppose 21 = 4*w - 2*b - 17, -37 = -2*w - 5*b. Let j = 6 - w. Give f(j).
6
Let k = -2 + 1. Let x(u) = -3*u. Let g be x(k). Let f(y) = -4*y**2 - g + 6*y - 2*y - y**3 - 3. Give f(-5).
-1
Let k(v) = -v**3 - 7*v**2 + 9*v + 9. Suppose -2*y - 46 = -0*y. Let c = 15 + y. Let g be k(c). Let p(u) = -u + 1. Calculate p(g).
0
Let p(x) = 5 + 7 + x - 14. Calculate p(-5).
-7
Let u(k) = k**3 - 2*k**2 - 4*k + 3. Let x(b) = -14 + 14 + 3*b**2. Let j be x(1). Calculate u(j).
0
Let x(r) = -r - 1. Let q(i) = -i**2 - i - 3. Let y(g) = q(g) + 6*x(g). What is y(-6)?
-3
Let y(q) = -9 - 9*q + 3*q**3 - 2*q**3 - 2*q**3 - 8*q**2 - q**2. Calculate y(-8).
-1
Let r = -1 + 6. Let l(w) = -w**3 + 5*w**2 - w + 3. Determine l(r).
-2
Let v(j) = j**3 + 4*j**2 - 3*j - 3. Let a be v(-4). Let c(m) = -m**3 + 9*m**2 + 2*m - 10. Give c(a).
8
Let x(d) = -9*d + 9. Let u(l) = -5*l + 5. Let z(f) = 11*u(f) - 6*x(f). Let o be 0*(-3 + 2 - 0). Suppose o = -3*r + 3 - 6. Determine z(r).
2
Let r(n) = -n**2. Let b(m) = -m**3 - 10*m**2 - 5*m - 4. Let o(v) = -b(v) + 6*r(v). What is o(-3)?
-2
Let s(h) = -4*h**3 - 2*h - 1. Let u(p) = -p**3 + 6*p**2 - 5*p + 3. Let j be u(5). Let i(a) = a**j + 4*a**2 - 11*a**2 - 3 + 2. Let m be i(7). What is s(m)?
5
Let s(b) be the first derivative of -b**3/3 - 2*b**2 + 6*b + 2. Let u(c) = -c**2 - 5*c - 5. Let a be u(-5). Determine s(a).
1
Let w(q) = q**2 + q + 1. Let b(m) = -m**3 + 3*m**2 + 4*m - 8. Suppose 0 = -0*n + 2*n - 4. Let v(c) = n*w(c) + b(c).